 to base 6.
103232
-111c (base 13) to base 14
-c2b
-1153 (base 6) to base 5
-2120
102120 (base 3) to base 12
220
What is -a37 (base 12) in base 5?
-21413
-920 (base 12) to base 13
-7a7
Convert 55425 (base 6) to base 8.
17051
1111110011 (base 2) to base 3
1101110
Convert 24a (base 13) to base 4.
12100
5622 (base 7) to base 8
3751
What is 1431 (base 11) in base 2?
11100111001
-1530 (base 13) to base 4
-300021
388 (base 10) to base 9
471
What is 5654 (base 7) in base 3?
2210212
-152 (base 6) to base 16
-44
Convert -14375 (base 9) to base 16.
-263c
-5dde (base 16) to base 10
-24030
Convert 124205 (base 6) to base 16.
2c2d
Convert 11431 (base 5) to base 12.
602
What is 18767 (base 12) in base 6?
433011
23100 (base 6) to base 8
6314
Convert -111 (base 9) to base 15.
-61
5a7 (base 13) to base 3
1100101
What is 1354 (base 8) in base 12?
524
Convert 279 (base 16) to base 12.
449
-3334 (base 6) to base 7
-2161
What is 1031231 (base 4) in base 14?
1b53
-11000010 (base 3) to base 6
-21303
-eb50 (base 15) to base 13
-1988a
475 (base 9) to base 16
188
1113032 (base 4) to base 12
3292
Convert 33615 (base 11) to base 4.
23320102
-11012 (base 3) to base 4
-1301
11012 (base 4) to base 9
402
What is 100312 (base 9) in base 5?
3344203
Convert -79b (base 16) to base 9.
-2603
What is 707 (base 10) in base 16?
2c3
6572 (base 8) to base 14
1386
Convert -4a (base 12) to base 14.
-42
What is -3224 (base 5) in base 8?
-667
What is -849c (base 13) in base 12?
-a779
Convert -1263 (base 11) to base 4.
-121222
Convert -28999 (base 10) to base 6.
-342131
Convert 121101 (base 3) to base 11.
372
Convert -11149 (base 12) to base 13.
-a416
13213 (base 5) to base 10
1058
Convert 11416 (base 7) to base 3.
11001101
What is -133304 (base 7) in base 12?
-126b2
What is -4791 (base 10) in base 5?
-123131
What is -700 (base 11) in base 3?
-1011101
-4282 (base 15) to base 12
-8188
-3438 (base 9) to base 10
-2546
-1909 (base 12) to base 13
-14c4
Convert -ba (base 12) to base 2.
-10001110
-432 (base 9) to base 13
-212
-23 (base 13) to base 12
-25
Convert -101100000001010 (base 2) to base 11.
-15a2a
What is -1cd (base 14) in base 6?
-1425
What is 3013 (base 13) in base 16?
19cf
What is -1044 (base 8) in base 12?
-398
What is -dd (base 16) in base 9?
-265
Convert -211 (base 16) to base 4.
-20101
8319 (base 15) to base 5
1341244
Convert -1901 (base 10) to base 15.
-86b
Convert 9093 (base 10) to base 4.
2032011
Convert -1002240 (base 5) to base 9.
-23776
What is -1597 (base 16) in base 11?
-4175
-3304 (base 15) to base 8
-25064
Convert 28e (base 15) to base 12.
408
Convert 1130 (base 6) to base 4.
10032
What is 16e (base 15) in base 9?
405
1423 (base 9) to base 10
1074
Convert -1b814 (base 12) to base 11.
-28813
What is -603 (base 7) in base 6?
-1213
cc6c (base 15) to base 11
2a596
Convert 532 (base 14) to base 5.
13044
Convert -1003222 (base 5) to base 9.
-24026
What is -193 (base 14) in base 11?
-276
Convert -42555 (base 6) to base 16.
-16c7
What is 30133 (base 4) in base 9?
1077
What is -2111302 (base 4) in base 9?
-14131
What is -4556 (base 9) in base 8?
-6454
Convert 110120 (base 3) to base 11.
289
Convert -101111 (base 3) to base 15.
-13d
-6f3 (base 16) to base 7
-5121
Convert 188a3 (base 12) to base 4.
20233323
Convert 5483 (base 10) to base 15.
1958
What is 2330 (base 10) in base 15?
a55
-46477 (base 9) to base 10
-31012
Convert -3c9 (base 13) to base 10.
-672
-407 (base 10) to base 11
-340
What is 2331 (base 5) in base 11?
290
-2022023 (base 4) to base 2
-10001010001011
What is -42452 (base 7) in base 5?
-314043
Convert -403513 (base 6) to base 4.
-13303011
What is -8a8 (base 12) in base 11?
-a64
What is 1101100 (base 2) in base 11?
99
-dc (base 15) to base 2
-11001111
Convert 1ab (base 14) to base 13.
209
Convert 130 (base 14) to base 11.
1a7
2ca6 (base 14) to base 6
100550
What is -653 (base 12) in base 9?
-1240
Convert 4443 (base 5) to base 10.
623
What is 101100110000100 (base 2) in base 16?
5984
-1758 (base 16) to base 14
-226c
Convert -1160 (base 12) to base 13.
-b67
Convert -517 (base 11) to base 3.
-212002
Convert 549 (base 10) to base 11.
45a
Convert 101101111001 (base 2) to base 11.
2230
Convert 35111 (base 7) to base 14.
33b1
What is 223 (base 7) in base 12?
97
What is 11010011001 (base 2) in base 10?
1689
What is -3225 (base 8) in base 10?
-1685
7843 (base 9) to base 14
2178
bc (base 14) to base 13
ca
-a135 (base 12) to base 2
-100010000111001
Convert -1588 (base 14) to base 6.
-25444
-15a (base 16) to base 8
-532
143d8 (base 14) to base 8
141772
Convert -206a8 (base 13) to base 7.
-331616
What is 100000111000 (base 2) in base 16?
838
What is -242023 (base 6) in base 2?
-101001010111111
-5599 (base 11) to base 12
-4320
Convert 155 (base 8) to base 9.
131
Convert 1010111010 (base 2) to base 12.
4a2
-4341 (base 7) to base 14
-7c8
What is 22222 (base 4) in base 12?
48a
What is -307 (base 8) in base 6?
-531
What is -1115 (base 13) in base 8?
-4520
14511 (base 9) to base 4
2122210
-143440 (base 8) to base 13
-1a283
Convert -11e34 (base 16) to base 11.
-50058
Convert -1b (base 15) to base 13.
-20
-142a (base 11) to base 8
-3467
What is 260 (base 16) in base 5?
4413
Convert 45456 (base 7) to base 5.
332211
3b5 (base 13) to base 7
1624
-61152 (base 10) to base 3
-10002212220
Convert 3001003 (base 4) to base 8.
30103
Convert 244 (base 7) to base 8.
202
What is 320240 (base 6) in base 2?
110010110100000
11201 (base 3) to base 8
177
206136 (base 7) to base 14
d056
311302 (base 4) to base 13
174a
Convert 100011001100100 (base 2) to base 4.
10121210
3819 (base 11) to base 7
20344
What is 1000103 (base 4) in base 3?
12122102
102ab (base 16) to base 5
4104334
What is 1041 (base 11) in base 10?
1376
-176 (base 8) to base 7
-240
What is -31212 (base 4) in base 6?
-4010
Convert -141233 (base 5) to base 15.
-1acd
Convert -1101000000 (base 2) to base 4.
-31000
Convert 20cc (base 16) to base 12.
4a38
Convert 989 (base 13) to base 5.
23014
-4344404 (base 5) to base 10
-74979
What is 10120101211 (base 3) in base 11?
48888
-aa2 (base 12) to base 4
-120122
What is -105 (base 7) in base 4?
-312
What is a986 (base 11) in base 16?
389d
Convert -39458 (base 10) to base 8.
-115042
What is 62 (base 13) in base 4?
1100
What is 1234034 (base 5) in base 13?
b07b
-2540 (base 6) to base 16
-27c
What is -1c1 (base 13) in base 8?
-506
Convert -31123 (base 5) to base 16.
-7f6
12454 (base 7) to base 15
eb7
-110000001110 (base 2) to base 7
-11666
Convert -1010000111111000 (base 2) to base 5.
-2311324
1002100 (base 3) to base 10
792
-720 (base 8) to base 3
-122012
-156a8 (base 12) to base 2
-111011010100000
Convert -19b (base 12) to base 4.
-10013
Convert 10110121 (base 3) to base 5.
40102
What is -120152 (base 6) in base 7?
-42266
165 (base 15) to base 12
228
10010100111000 (base 2) to base 16
2538
3744a (base 11) to base 13
1b62a
-846 (base 16) to base 9
-2813
What is -26bd (base 14) in base 9?
-10330
Convert -53200 (base 6) to base 11.
-5456
-7c43 (base 14) to base 9
-32581
2ba (base 13) to base 9
605
-18119 (base 10) to base 8
-43307
What is -203231 (base 4) in base 16?
-8ed
What is 239a (base 12) in base 11?
3012
What is -8bbe (base 16) in base 9?
-54058
What is 2b2 (base 14) in base 8?
1044
777 (base 9) to base 7
1600
What is -10001000011 (base 2) in base 9?
-1442
What is 1220 (base 4) in base 11?
95
What is 12305 (base 6) in base 5?
24331
Convert 390 (base 12) to base 15.
260
What is -13002 (base 5) in base 7?
-2631
What is 9348 (base 11) in base 9?
18001
Convert -7544 (base 8) to base 12.
-2344
152 (base 13) to base 15
10b
10321333 (base 4) to base 14
7475
What is 506 (base 9) in base 14?
215
600b (base 14) to base 7
66014
Convert 1cb0 (base 14) to base 13.
250b
What is -64f (base 16) in base 10?
-1615
Convert 12150 (base 6) to base 14.
922
-88 (base 12) to base 14
-76
-525 (base 9) to base 11
-35a
What is 997 (base 15) in base 2?
100001110111
What is 212002 (base 3) in base 9?
762
What is -5849 (base 13) in base 2?
-11000001101110
1059 (base 10) to base 12
743
What is 122 (base 8) in base 11?
75
What is -3709 (base 10) in base 6?
-25101
Convert -719 (base 14) to base 9.
-1820
221022 (base 3) to base 13
407
What is -3515 (base 6) in base 5?
-11324
-331 (base 6) to base 2
-1111111
-122211220 (base 3) t